True
Suppose 3*o = 19 - 49. Is -5*1*(124/o - 1) a composite number?
False
Let b(d) = 9*d**2 - 13*d + 8. Let x be b(6). Let v = 37 + x. Is v a prime number?
False
Let f = 1132 - 1836. Let l = 1459 + f. Is l a prime number?
False
Suppose -4*i - 4*p = -152532, -5*p + 2*p - 12 = 0. Is i composite?
True
Let h = 24795 - 2182. Is h a composite number?
False
Suppose 0 = 2*z - 10*z + 49264. Suppose -57*k = -55*k - z. Is k prime?
True
Let v(d) be the third derivative of 77*d**4/24 + 19*d**3/6 + d**2. Is v(8) a composite number?
True
Suppose 2*d + 2*d - 39 = -5*s, -5*s + 21 = d. Suppose 0 = w - d*w. Let p = w + 127. Is p a prime number?
True
Suppose -5*r + r = 5*t - 12188, 4*r + 12212 = 5*t. Suppose 5*s + t - 7735 = 0. Suppose 3*k + k = b - 353, 3*b - 2*k - s = 0. Is b a composite number?
False
Suppose -37*z - 6227 = -50*z. Is z composite?
False
Suppose 2*c = -4*m + 22, 2*m - 3*c - 13 - 10 = 0. Let w(s) be the third derivative of s**6/120 + s**5/60 - 7*s**4/24 - 2*s**3/3 - 4*s**2. Is w(m) prime?
False
Suppose j + 2*i = 6*j - 46109, -2*j = 3*i - 18455. Is j composite?
True
Let o(d) = -4*d**3 - 17*d**2 - 5*d - 27. Is o(-13) a prime number?
True
Suppose 0*y + 4*y = 12. Suppose 0 = -5*j + 3*j + 3*n + 3451, 5*j = y*n + 8650. Is j composite?
False
Let v(y) = 76*y**2 + 4*y - 7. Suppose -24 = 3*z + 4*a, 3*z + 5*a + 24 = -3. Is v(z) a prime number?
True
Suppose 5*n = 2*h + 4, 15 = -5*h + 5*n + 5. Is (-1)/h + (-4662)/(-12) prime?
True
Let i(u) = u**3 + 3*u**2 + 6*u - 9. Let f(n) = -4*n**3 - 8*n**2 - 19*n + 26. Let l(r) = -2*f(r) - 7*i(r). Is l(6) composite?
False
Suppose 1146782 = -21*x + 47*x. Is x a composite number?
True
Let o = 68 - 62. Suppose 61072 = o*w + 10*w. Is w a composite number?
True
Suppose 5*g + g = -13062. Let w = g + 3738. Is w prime?
False
Let l(n) = n + 7. Let g be l(3). Let w be (g/(-4))/((-5)/400). Let t = -73 + w. Is t a prime number?
True
Let j(f) = f**3 + 25*f**2 + 9. Let c = 14 - 31. Is j(c) prime?
False
Suppose 86 + 222 = x + 5*k, 12 = 3*k. Suppose 1686 = 6*z + x. Is z a composite number?
False
Let m = 637 - -310. Suppose 5*i - 638 = m. Is i composite?
False
Suppose -71739 = -12*b - 5823. Is b a prime number?
False
Let i = 77489 - 39138. Is i prime?
True
Let g(i) be the second derivative of -5*i**3/6 - i**2 + 2*i. Suppose 5*a + 0*a + 11 = 2*p, p - 8 = 3*a. Is g(p) a prime number?
False
Suppose 4*p - 22240 = -4980. Is p prime?
False
Suppose -134*t = -141*t + 22911. Is t a composite number?
True
Let o be ((-2)/1)/(2*(-3)/285). Suppose -2 = t - 3*i, i = 3*t + 4*i - 18. Suppose -t*r + o = r. Is r prime?
True
Let j be (-6)/(-9)*4311/6. Suppose -4*v + j = -1217. Let d = v - 297. Is d a composite number?
False
Let r(z) = z**3 + 16*z**2 - 10*z - 17. Suppose 10*n + 43 = -107. Is r(n) composite?
True
Suppose 3*f = 6*f + 900. Let l be f/21 - 10/(-35). Is (-2082)/l + (-10)/(-35) composite?
False
Let i be 30/(-10) - (-3 - -1)*4. Suppose -2 + 8 = 2*b, 0 = -g + i*b + 100. Is g composite?
True
Suppose -2*a = 0, -9*p + 5*p = -2*a - 28744. Is p prime?
False
Let r be 9/6*120/(-9). Let f(i) = 2*i**2 - 3*i + 47. Is f(r) a composite number?
False
Let i = 11 + -4. Let t(m) = m**3 - 6*m**2 + 3*m - 3. Is t(i) a composite number?
False
Let f = -15 - -12. Let k be 1 - -1 - 0/f. Suppose k*h + 3*a - 167 = 0, a = -5*h - 2*a + 404. Is h composite?
False
Let g = 17 + -15. Suppose 6*w + 5970 = 5*f + w, -g*w - 1193 = -f. Is f composite?
True
Let q = 67 - 82. Is (16015/q)/(2/(-6)) a prime number?
True
Let p(s) = -11*s**2 - 9*s + 4. Let c be p(8). Let o = c - -1353. Is o a prime number?
False
Suppose -x = 5*b - 3*x - 29613, 6*b - x - 35537 = 0. Is b prime?
True
Let g(b) = b**2 + 3*b + 2. Let y be g(-2). Let s = 91 - 65. Suppose 2*m + y = s. Is m prime?
True
Let o(t) = -t**3 - 2*t**2 + 16*t - 11. Let q be ((-28)/21)/((-2)/(-12)). Let i be o(q). Let y = -118 + i. Is y a composite number?
False
Suppose -4046 - 21 = -2*q + 5*l, 2*q - l - 4047 = 0. Is q a composite number?
True
Let c = 14354 + -6453. Is c a prime number?
True
Let w(u) = 2*u**2 - 12*u + 5. Let i be w(8). Suppose -61 = -4*a + 11. Let o = i - a. Is o a prime number?
True
Let n(y) = 2*y + 1. Let m be n(2). Let h be ((-8)/(m - 1))/(-1). Suppose -5*f - h*d + 381 = -34, 2*f - 166 = 4*d. Is f prime?
True
Let w = 53 - 53. Suppose -3*t + 5665 + 3332 = w. Is t a composite number?
False
Suppose 0 = 74*m - 73*m - 4. Is 2*(3 - m) - 3*-229 a prime number?
False
Let r(b) = b**3 - 4*b**2 + 5*b - 3. Let k be r(3). Suppose 3 = -k*n - 0. Is 249*n/9*-3 composite?
False
Let m = -4508 - -7099. Suppose -5*o = 5*q - q - 3225, 4*o = -q + m. Is o a composite number?
True
Let d(o) = 5*o + 20. Let a be 100/8 + (-1)/(-2). Is d(a) a composite number?
True
Suppose -5*z + 4*y = -369959 - 22781, 4*y + 78564 = z. Let l be (-2)/6 + z/48. Suppose -4*p = -l - 856. Is p a prime number?
False
Is (39/18 - 2)*2994 prime?
True
Is 298/596 + 321518/4 + 1 prime?
False
Suppose 0 = -4*u - 4, 5*f + 4*u - 26 = 10. Is 565*1 + (f - 8) a composite number?
True
Let z(u) = 6*u**2 + 34*u + 5. Is z(-43) composite?
True
Let i(q) = 808*q + 153. Is i(7) prime?
False
Let k be 1/(-5) - (4 + (-31)/5). Suppose 0 = 4*d + 4*y - 6124, -k*d - 9*y + 8*y = -3066. Is d composite?
True
Suppose -4*l = -3*k + 5, 5*k = 5*l - 1 + 11. Is 485/k - (-2)/(-3) a prime number?
False
Let n(b) = 6*b**2 - 17*b. Let z(o) = -6*o - 12. Let y be z(-4). Let p be n(y). Suppose 455 = 5*m - p. Is m prime?
True
Suppose -70 - 98 = -7*i. Suppose 5*q + 416 = 1771. Is q/3 + i/(-18) prime?
True
Let a(h) = -h**2 + 13*h + 4. Let y be a(13). Is 590 + 3 + (-2 - y) composite?
False
Let r be (200/12)/((-4)/18). Let s = 130 + r. Is s a composite number?
True
Suppose -38069 = -5*k - 2*m, -k - 77*m + 80*m + 7607 = 0. Is k prime?
False
Let f(q) be the first derivative of 3*q**2 + 13/3*q**3 + 4 + q. Is f(-4) a prime number?
False
Suppose 5*f - 3*f - 32 = 0. Suppose 0*p + 4*p + j - f = 0, 0 = 5*j. Suppose p*h - 2*h = 3*i + 188, 5*h + 2*i = 451. Is h prime?
False
Let u = 115 + -228. Let i(a) = a**2 + 7*a - 32. Let t be i(-17). Let g = t - u. Is g a prime number?
True
Suppose -101*w = -105*w - 892. Let x = 64 - w. Is x a prime number?
False
Let w = 763 - 1203. Let f = -1577 - w. Is 3/2 - f/6 composite?
False
Is 18378/14 - 50/(-175) a prime number?
False
Let o = -37 - -50. Suppose -o*i + 9*i = -1612. Is i composite?
True
Let h(q) = 259*q**3 - q**2 + 1. Let l be 7 + 2 + -2 + 0. Let w = -6 + l. Is h(w) prime?
False
Let r(t) be the third derivative of 7*t**5/12 - t**4/24 - t**3/3 - 11*t**2. Let m be r(4). Let b = m - 289. Is b prime?
False
Suppose 0 = -5*j + 219 + 131. Suppose -7*f = -2*f - j. Is f prime?
False
Let o be 4204/20 - (-16)/20. Suppose 9*v - 2434 = -o. Is v prime?
False
Suppose 0 = 3*b - 4*t - 207, 2*t + t + 207 = 3*b. Let h = b + -11. Suppose -6*r - h = -7*r. Is r a prime number?
False
Suppose -2*l - 1899 = -369. Let i = 1518 + l. Is i a composite number?
True
Suppose 2683 - 178638 = -13*z. Is z a composite number?
True
Let k = -184 + 65. Let a = k + 210. Is a a prime number?
False
Let a(q) = -4*q**2 + 0*q - 2*q + q + 11 + 15*q**2. Is a(-5) prime?
False
Suppose -4*t = 2*b - 5923 + 1837, 0 = 3*t - 2*b - 3068. Let s = -241 + t. Is s composite?
True
Suppose -24 = 2*v - 6*v. Suppose 31584 = v*o + 8826. Is o a composite number?
False
Let p(u) = 733*u**3 - 6*u + 4. Is p(3) a composite number?
False
Suppose -y - 4*g - 93 + 236 = 0, -4*g - 492 = -4*y. Is y composite?
False
Suppose 5*x = 3*b + 352630, -393771 = -4*x + 2*b - 111665. Is x composite?
False
Let g(b) = 6*b**3 - 2*b - 3. Suppose 0 = 5*a - 5*i + 11 - 1, 3*i = 15. Let o be g(a). Is (2/3)/(2/o) prime?
False
Let v = -245 + 477. Let u = v + -114. Is u a composite number?
True
Is (2158 - (3 - -2)) + 2 a prime number?
False
Let d be ((-41)/3)/((-8)/(-24)). Let h = 38 + d. Is 1/h - (-3414)/9 prime?
True
Let z = 26 + -13. Suppose -3*n + 2 = -z. Suppose 2*j + 407 = 5*l, -l - n*j = -0*j - 103. Is l prime?
True
Let p be (-24)/(-9) + (-2)/(-6). Suppose 9 = -p*a - 3. Let h(v) = -7*v**3 - 3*v**2 - 3*v + 1. Is h(a) prime?
False
Let j(l) = -30*l + 23. Let n be j(-10). Suppose -c + 622 = -3*m, -1597 = -2*c - 4*m - n. Is c a composite number?
False
Let k(g) = 32*g**2 + 2. Let u be k(-1). Suppose u*m - 46 = 32*m. Is m composite?
False
Suppose 56*w + 28*w - 584052 = 0. Is w com